Let d be (-63)/(-15) - 1/5. Let c be q(d). Suppose -c = 3*j - 5*j. What is the units digit of j?
9
Let h(l) = 21*l**2 + 31*l + 121. What is the units digit of h(-9)?
3
Suppose 0 = j - 2*a - 1522, 10*j - 2*a = 14*j - 6068. What is the hundreds digit of j?
5
Suppose -3*n + 532 = 2*b, -5*n - 2*b = -706 - 186. What is the tens digit of n?
8
Let y = -2056 - -3797. What is the thousands digit of y?
1
What is the thousands digit of 1/(12/10 + 68596/(-57180))?
2
Let f(g) = 5*g + 1. Let m(u) = -u. Let c(q) = -f(q) - 4*m(q). Let k be c(2). Let j = k + 13. What is the tens digit of j?
1
Suppose 0 = k - 0 - 1, -5*k - 637 = -2*r. Suppose -4*l - 3*t = -2*t - 441, 3*l + 4*t = r. What is the hundreds digit of l?
1
Suppose s - 6638 = -5*d + 3903, -4*s = 3*d - 6311. What is the thousands digit of d?
2
Suppose -d = 3, -2*d = 4*t + 3*d - 1521. What is the tens digit of ((-3)/4)/((-4)/t)?
7
Suppose 9 = -0*p - p - h, 5 = -h. What is the units digit of 4 + p - -68 - -3?
1
Let m(p) = 557*p + 1. Let g be m(-1). Let w = -383 - g. What is the units digit of w?
3
Let g(h) be the third derivative of 3*h**4/4 - h**3/3 - 5*h**2. Suppose -4*z + 5*d + 1 = 3, -10 = -z - 4*d. What is the units digit of g(z)?
4
Let i(p) = 7*p**2 + 51*p + 50. What is the thousands digit of i(14)?
2
What is the tens digit of (477/(-5) + 1)*(-270)/108?
3
Let a(q) = -2*q**3 - 11*q**2 - 5*q + 9. Let m be a(-7). Let h = 47 - m. What is the units digit of (3/(-2))/(6/h)?
6
Suppose 0 = 2*z + 3*v - 372, -5*z + v + 935 = 6*v. Suppose -b + 28 = -3*j + z, 5*j = -3*b + 287. What is the tens digit of j?
5
Let r(o) = 2*o - 12. Let x be r(8). Let s = x + -8. What is the units digit of (-130)/(-35) + s/(-14)?
4
Let d = -133 + 205. Let b(k) = 28*k. Let n be b(4). Let q = n - d. What is the units digit of q?
0
Suppose -v + 4*v = 153. Let r be (-1)/(-1)*(v + 5). Suppose -5*i = -r - 94. What is the units digit of i?
0
Suppose -5*c = -5*a - 2062 - 5548, 0 = 5*c - a - 7594. What is the tens digit of c?
1
Let z(o) = o**2 - 2*o + 1. Let d be z(3). Suppose d*c = 5*c + 3. Let q = 7 + c. What is the units digit of q?
4
Let n be (0 - -1) + 5 + -3. What is the units digit of (-90)/24*(-16)/n?
0
Suppose a - 2*z = -a - 4, 0 = 4*a + 4*z - 16. Suppose 3*k - 14 = a. Suppose 5*b - 215 = -k*l, b = -4*l + 61 + 99. What is the units digit of l?
9
Let f = -285 + 321. What is the tens digit of f?
3
Let n(w) = 8*w**3 - 3*w**2 + w - 1. Let t(l) be the second derivative of 7*l**5/20 - l**4/4 + 6*l. Let y(m) = -6*n(m) + 7*t(m). What is the tens digit of y(5)?
2
Let d = 15 - -5. Let q = 68 - 38. Suppose -3*p + 5*p - 2*j = d, j + q = 3*p. What is the tens digit of p?
1
Let n = -38 - -36. What is the units digit of (n - -4 - -18) + 1*2?
2
Let j be (-10)/(-4)*(-108)/(-10). Suppose 3*k - 54 = -3*y, -2*y - 2*k - j = -3*y. Suppose -d + 2*d = y. What is the units digit of d?
1
Suppose -2111 = -5*t + 2179. What is the hundreds digit of t?
8
Suppose -2*m = 5*m + 175. Let r = m + 20. Let l(z) = z**3 + 7*z**2 + 5*z - 7. What is the tens digit of l(r)?
1
Suppose 3*s = -2*s + 20. Let k(r) = -7*r**3 - 11 + s*r**3 - 5*r**2 - r + 2*r**3. What is the units digit of k(-6)?
1
Let d be 3/(-12) + 6/8*-89. Let o = d + 84. What is the units digit of o?
7
Let k = -20 + 12. Let m be ((-1)/3)/(2/(-84)). Let l = m + k. What is the units digit of l?
6
Let o = 465 + -423. What is the tens digit of o?
4
Suppose 0 = 2*a - 3*a + 91. Let y be 26/a + (-2028)/(-7). Suppose 0 = -5*l + j + 4*j + y, 4*l - 223 = j. What is the tens digit of l?
5
Let x = 334 + -312. Suppose 0 = -0*a + 5*a - 430. Let s = a - x. What is the tens digit of s?
6
What is the tens digit of (176/18)/(10/(-30))*-69?
2
Suppose 31*s - 12181 = 9426. What is the hundreds digit of s?
6
Let n = 24 - 14. Let q be (n/(-6))/(3/18). What is the units digit of (-225)/q + 6/4?
4
Suppose 16*a = 8*a + 40. Suppose -593 = -3*c + 5*h, -201 - 352 = -3*c - a*h. What is the tens digit of c?
9
Let q be ((-60)/(-8))/(-5)*-58. Suppose 5*l = 4*x - 280, 0*l + q = x + 3*l. What is the units digit of x?
5
Let t(b) = 3*b**3 - 13*b**2 - 10*b + 16. Let p be t(6). Suppose 0 = 8*s + p - 968. What is the tens digit of s?
0
Let v = 4 - 3. Let b(s) = -2*s**2 + 4*s + 8. Let t be b(3). Suppose -15 = -t*r + v. What is the units digit of r?
8
Let c = 140 - -414. What is the hundreds digit of c?
5
Let v be 381/6 + (-3)/6. Let h = 69 + v. Suppose 0 = -5*t + 2*t + h. What is the units digit of t?
4
Let o(h) = 4*h + 21. Let t = 16 + -5. What is the tens digit of o(t)?
6
Let j = -190 - -872. What is the hundreds digit of j?
6
Let v(n) = n**3 + 4*n**2 - 5*n - 1. Suppose 17 - 2 = 3*y. Suppose -2*t - 3 - y = 0. What is the units digit of v(t)?
9
Let h(p) = -p**3 + p + 33. Let g = -4 + 4. Let q be h(g). What is the tens digit of (-15)/3*q/(-15)?
1
Let j = 38 + -39. Let v(d) = -7*d**3 + d. What is the units digit of v(j)?
6
Let w = -1709 + 2675. What is the hundreds digit of w?
9
Suppose -5*x = -2 - 13. What is the units digit of ((2 - -2) + -1)*x?
9
Let z(w) = -w - 38. Let b(y) = y + 37. Let i(g) = -2*b(g) - 3*z(g). What is the tens digit of i(-8)?
3
Suppose -5 + 0 = -a. Suppose -5*q + 3*r + 210 = 0, -a*r = 4*q + 23 - 228. What is the tens digit of q?
4
Suppose 8*k = 2*k + 84. Suppose -21*o + k*o + 385 = 0. What is the tens digit of o?
5
Suppose 7075 = 4*n + 907. What is the thousands digit of n?
1
Let c be 6/14 + (-279)/63. What is the tens digit of (1 + c - -4)*22?
2
Let s(i) = 117*i**2 - 16*i - 38. What is the hundreds digit of s(-2)?
4
Let z(m) = m. Suppose 13 = 2*c + 5. Let d(b) = -b - 1. Let j(k) = c*d(k) - z(k). What is the units digit of j(-3)?
1
Suppose 5*n = 4*z - 0*z + 496, -n + 5*z = -116. Let a = -76 + n. What is the tens digit of a?
2
Let o = 1382 - 121. What is the units digit of o?
1
Suppose -2*s + 0*a - a = -1800, -4*s + 3576 = -4*a. What is the hundreds digit of s?
8
Let f be (120/32)/((-1)/(-4)). What is the units digit of 1281/f - (24/(-15) - -2)?
5
Suppose 2*t - 68 = -4*m, 5*m = t + 4*t - 125. Suppose -5*a - t = -8. Let i(r) = r + 5. What is the units digit of i(a)?
1
Let o be (11/(-3))/((-32)/(-48))*-22. Let t = o + -78. What is the units digit of t?
3
Let s = -2 - -4. Let b(p) = 3 - 3*p + 0*p**2 - p**3 + 5*p**2 - 9 + p**s. What is the units digit of b(5)?
4
Let p(i) = -2*i**3 + i**2 + 2*i + 4168. What is the tens digit of p(0)?
6
Let v(w) be the second derivative of w**5/20 - 2*w**4/3 + 5*w**3/6 - 5*w**2/2 + 14*w. What is the hundreds digit of v(9)?
1
Let x = -89 - -97. Suppose -6*h + k = -x*h + 253, 2*k + 244 = 2*h. What is the units digit of h?
5
Let i(s) = 6*s**2 - 11*s - 35. What is the units digit of i(16)?
5
Let d(r) be the second derivative of 5*r**3 - 4*r. Let t be d(5). What is the tens digit of (4/8)/(3/t)?
2
Suppose 15615 - 5585 = 17*q. What is the tens digit of q?
9
Let o = -4 - -9. Let k be 5/(-25) + 36/o. Suppose 0 = 3*d - 38 - k. What is the tens digit of d?
1
Let c = 2174 - -14. What is the units digit of c?
8
Let n(o) = 9*o**2 - 6*o - 46. What is the units digit of n(7)?
3
Suppose 13 = -4*b - 5*c + 241, 0 = -2*b + 2*c + 96. Suppose 5*x = -b + 327. What is the units digit of x?
5
Let r(k) = -k**2 - 1. Let y(d) = 7*d**2 + 8*d + 4. Let l(h) = 5*r(h) + y(h). What is the tens digit of l(-9)?
8
Let z(a) = -8*a**2 + 47*a - 47. Let l(c) = -5*c**2 + 31*c - 31. Let k(x) = 7*l(x) - 5*z(x). What is the tens digit of k(6)?
9
Let w(m) = -21*m + 57. What is the units digit of w(-8)?
5
What is the tens digit of (-3 - 2) + (-372)/(-4)?
8
Let h(c) = -c**2 + 111*c + 23. What is the tens digit of h(21)?
1
Suppose 41 = 5*r + 31, -119 = -3*h + 2*r. What is the units digit of h?
1
Suppose -10 = 3*g - 8*g. What is the units digit of (3 - (-28)/(-12))*93/g?
1
Let r(u) = -u**2 - 6*u + 3. Let f be r(-3). Let q be ((-12)/15)/(1/(-5)). What is the units digit of (32/6)/(q/f)?
6
Let m = 33 - 29. What is the hundreds digit of (58/m)/(-2*5/(-140))?
2
Let i(b) = 2*b**2 + 10*b**2 - 12 - 11*b**2. Let y be (-3)/15 + (-52)/(-10). What is the units digit of i(y)?
3
Suppose -3*p - 849 = -3*h, -5*p + 1429 = 5*h - 3*p. What is the hundreds digit of h?
2
Let n(t) = t**2 + 10*t + 8. What is the units digit of n(-10)?
8
Let k = 3762 - 2241. What is the units digit of k?
1
Let i = -451 - -507. What is the tens digit of i?
5
Suppose -5*l - 131 = 4*h - 2